rue
Is 31 a factor of 7595?
True
Is 11 a factor of 99?
True
Does 9 divide 16?
False
Does 187 divide 56848?
True
Does 25 divide 187?
False
Does 92 divide 1250?
False
Is 1380 a multiple of 15?
True
Is 7 a factor of 224?
True
Is 2938 a multiple of 2?
True
Is 15 a factor of 45?
True
Does 7 divide 31458?
True
Is 8980 a multiple of 5?
True
Is 3 a factor of 1497?
True
Does 10 divide 126?
False
Is 1062 a multiple of 118?
True
Is 226 a multiple of 113?
True
Does 17 divide 563?
False
Does 22 divide 44183?
False
Does 4 divide 13402?
False
Does 4 divide 128?
True
Is 234 a multiple of 9?
True
Does 37 divide 2370?
False
Does 14 divide 6236?
False
Is 14877 a multiple of 105?
False
Is 2 a factor of 3728?
True
Is 15 a factor of 33035?
False
Is 12 a factor of 529?
False
Is 28 a factor of 409?
False
Does 12 divide 1140?
True
Is 7 a factor of 1190?
True
Is 12 a factor of 27648?
True
Does 11 divide 3762?
True
Does 3 divide 471?
True
Is 910 a multiple of 2?
True
Is 1407 a multiple of 9?
False
Is 2919 a multiple of 32?
False
Does 55 divide 263?
False
Does 4 divide 272?
True
Is 949 a multiple of 13?
True
Is 76 a factor of 2244?
False
Is 62 even?
True
Is 2 a factor of 216?
True
Is 6216 a multiple of 21?
True
Is 13 a factor of 12109?
False
Is 212 a factor of 38160?
True
Is 104540 a multiple of 20?
True
Is 97 a factor of 117176?
True
Is 5350 a multiple of 50?
True
Does 14 divide 644?
True
Is 9 a factor of 3327?
False
Does 7 divide 23055?
False
Does 29 divide 15718?
True
Does 17 divide 3145?
True
Is 485 a multiple of 34?
False
Does 34 divide 612?
True
Does 7 divide 65?
False
Is 19874 even?
True
Does 39 divide 4641?
True
Is 2 a factor of 2867?
False
Is 797 a multiple of 40?
False
Is 346 a multiple of 18?
False
Does 53 divide 2256?
False
Does 19 divide 1273?
True
Does 10 divide 2780?
True
Is 14168 a multiple of 11?
True
Does 34 divide 34923?
False
Is 18 a factor of 432?
True
Is 13 a factor of 164?
False
Is 21262 a multiple of 116?
False
Is 2 a factor of 617?
False
Is 8 a factor of 304?
True
Is 79 a multiple of 5?
False
Does 33 divide 4125?
True
Is 196 a factor of 60760?
True
Is 79 a multiple of 54?
False
Is 1303 a multiple of 67?
False
Is 33 a factor of 14355?
True
Is 41525 a multiple of 25?
True
Does 39 divide 1293?
False
Is 2460 a multiple of 30?
True
Is 123 a factor of 861?
True
Is 20 a factor of 59520?
True
Is 4192 a multiple of 104?
False
Is 29 even?
False
Is 2 a factor of 10798?
True
Is 82 a factor of 4756?
True
Is 56 a factor of 5376?
True
Is 3547 a multiple of 42?
False
Does 4 divide 10?
False
Is 17192 a multiple of 11?
False
Is 13 a factor of 11853?
False
Is 1071 a multiple of 10?
False
Is 5 a factor of 210?
True
Is 25124 a multiple of 85?
False
Does 112 divide 83128?
False
Is 25 a factor of 1450?
True
Does 5 divide 559?
False
Is 13 a factor of 52416?
True
Is 1297 a multiple of 49?
False
Is 1914 a multiple of 4?
False
Is 552 a multiple of 30?
False
Is 9 a factor of 1503?
True
Is 189 a factor of 17388?
True
Does 11 divide 6083?
True
Is 5052 a multiple of 179?
False
Is 2316 a multiple of 10?
False
Is 6600 a multiple of 18?
False
Does 17 divide 54094?
True
Is 64 a factor of 11712?
True
Is 39 a factor of 4173?
True
Is 1008 a multiple of 12?
True
Does 19 divide 13376?
True
Is 8 a factor of 349?
False
Is 24 a factor of 672?
True
Is 70 a factor of 72800?
True
Is 22 a factor of 440?
True
Does 47 divide 22513?
True
Is 83 a factor of 5210?
False
Is 3467 a multiple of 3?
False
Does 77 divide 1540?
True
Is 5 a factor of 1621?
False
Does 28 divide 17220?
True
Does 72 divide 6214?
False
Is 29 a factor of 29?
True
Is 2205 a multiple of 7?
True
Is 58 a factor of 1218?
True
Is 13946 a multiple of 16?
False
Is 273 a multiple of 34?
False
Is 18 a factor of 8658?
True
Is 6532 a multiple of 46?
True
Does 12 divide 1056?
True
Is 19 a factor of 1387?
True
Is 2 a factor of 179?
False
Is 3 a factor of 102?
True
Is 3 a factor of 408?
True
Is 96 a multiple of 16?
True
Is 157 a factor of 46087?
False
Is 2920 a multiple of 8?
True
Is 26 a factor of 32639?
False
Does 12 divide 576?
True
Does 18 divide 23472?
True
Does 2 divide 2510?
True
Is 643 a multiple of 25?
False
Does 64 divide 297?
False
Is 3577 a multiple of 73?
True
Does 37 divide 962?
True
Is 31 a factor of 2880?
False
Is 738 a multiple of 14?
False
Is 19 a factor of 3025?
False
Does 286 divide 24882?
True
Is 135 a multiple of 27?
True
Is 14 a factor of 2324?
True
Is 54825 a multiple of 67?
False
Does 167 divide 59452?
True
Is 10 a factor of 26580?
True
Is 344 a multiple of 172?
True
Is 158 a factor of 17265?
False
Is 118 a factor of 2832?
True
Is 10 a factor of 7852?
False
Is 25 a factor of 775?
True
Is 17952 a multiple of 34?
True
Does 29 divide 196?
False
Is 32 a factor of 163?
False
Does 16 divide 944?
True
Is 31 a factor of 9950?
False
Is 320 a multiple of 40?
True
Does 31 divide 11284?
True
Does 81 divide 6977?
False
Is 6 a factor of 80?
False
Does 7 divide 217?
True
Is 123 a factor of 2829?
True
Is 2 a factor of 1581?
False
Is 4760 a multiple of 136?
True
Does 37 divide 1156?
False
Is 18 a factor of 1224?
True
Is 6 a factor of 1800?
True
Is 400 a multiple of 50?
True
Is 7 a factor of 38127?
False
Is 17 a factor of 315?
False
Is 17 a factor of 18309?
True
Is 962 a multiple of 26?
True
Is 213 a multiple of 71?
True
Is 5 a factor of 885?
True
Does 4 divide 7922?
False
Does 45 divide 3870?
True
Is 215 a factor of 62995?
True
Is 54 a factor of 13761?
False
Is 13 a factor of 155?
False
Does 59 divide 2891?
True
Is 11 a factor of 869?
True
Does 44 divide 41320?
False
Is 1356 a multiple of 143?
False
Is 198 a factor of 5926?
False
Is 2834 a multiple of 59?
False
Does 141 divide 809?
False
Does 15 divide 433?
False
Does 27 divide 5550?
False
Does 15 divide 298?
False
Does 37 divide 4107?
True
Does 4 divide 260?
True
Does 81 divide 20736?
True
Does 50 divide 1791?
False
Does 192 divide 132480?
True
Is 192 a multiple of 12?
True
Is 1368 a multiple of 12?
True
Is 10168 a multiple of 76?
False
Is 20 a factor of 800?
True
Is 13 a factor of 81879?
False
Does 254 divide 24638?
True
Does 25 divide 825?
True
Does 29 divide 1305?
True
Is 6 a factor of 127?
False
Is 18 a factor of 324?
True
Is 1474 a multiple of 4?
False
Is 113 a multiple of 2?
False
Does 110 divide 58151?
False
Is 18928 a multiple of 91?
True
Is 30 a factor of 155?
False
Is 799 a multiple of 47?
True
Is 474 a multiple of 79?
True
Does 5 divide 1453?
False
Is 23 a factor of 1426?
True
Does 19 divide 399?
True
Is 11 a factor of 2420?
True
Does 12 divide 1250?
False
Is 51 a factor of 765?
True
Does 130 divide 8580?
True
Is 4 a factor of 60?
True
Is 1596 a multiple of 47?
False
Does 15 divide 6326?
False
Is 17 a factor of 119?
True
Does 16 divide 91367?
False
Is 49511 a multiple of 7?
True
Does 398 divide 55588?
False
Is 33 a factor of 1410?
False
Does 18 divide 11085?
False
Is 9 a factor of 1778?
False
Is 144 even?
True
Is 1679 a multiple of 59?
False
Is 520 a multiple of 13?
True
Does 101 divide 2972?
False
Is 5334 a multiple of 7?
True
Is 2087 a multiple of 42?
False
Is 1530 a multiple of 34?
True
Is 106 a factor of 2814?
False
Is 80 a factor of 814?
False
Is 93 a factor of 1390?
False
Is 1893 a multiple of 87?
False
Does 21 divide 3528?
True
Is 5 a factor of 5239?
False
Is 151 even?
False
Is 2800 a multiple of 20?
True
Is 6 a factor of 150?
True
Is 2187 a multiple of 7?
False
Is 5 a factor of 141?
False
Is 105 a factor of 1260?
True
Is 16017 a multiple of 193?
False
Does 19 divide 917?
False
Is 13169 a multiple of 266?
False
Is 6 a factor of 4876?
False
Is 2847 a multiple of 26?
False
Is 3 a factor of 323?
False
Does 58 divide 2088?
True
Is 17550 a multiple of 49?
False
Is 82 a factor of 18883?
False
Is 20 a factor of 37303?
False
Is 4945 a multiple of 115?
True
Does 25 divide 71975?
True
Does 32 divide 704?
True
Does 24 divide 24312?
True
Is 1064 a multiple of 64?
False
Is 201 a multiple of 30?
False
Is 242 a multiple of 21?
False
Is 41 a factor of 10414?
True
Does 85 divide 2772?
False
Is 108 a multiple of 53?
False
Is 16 a factor of 50880?
True
Is 451 a multiple of 21?
False
Does 7 divide 844?
False
Does 118 divide 80151?
False
Is 13 a factor of 470?
False
Is 2 a factor of 1234?
True
Is 3 a factor of 234?
True
Is 38 a factor of 1262?
False
Is 21 a factor of 210?
True
Does